der when 1051 is divided by 516.
19
Calculate the remainder when 207 is divided by 71.
65
What is the remainder when 15575 is divided by 66?
65
Calculate the remainder when 269 is divided by 15.
14
Calculate the remainder when 1855 is divided by 14.
7
Calculate the remainder when 3919 is divided by 112.
111
What is the remainder when 982 is divided by 18?
10
What is the remainder when 200 is divided by 8?
0
What is the remainder when 219 is divided by 37?
34
Calculate the remainder when 458 is divided by 23.
21
What is the remainder when 1938 is divided by 483?
6
What is the remainder when 735 is divided by 184?
183
What is the remainder when 298 is divided by 57?
13
What is the remainder when 55 is divided by 34?
21
Calculate the remainder when 511 is divided by 2.
1
Calculate the remainder when 352 is divided by 17.
12
Calculate the remainder when 251 is divided by 27.
8
What is the remainder when 171 is divided by 60?
51
What is the remainder when 1084 is divided by 187?
149
Calculate the remainder when 6107 is divided by 13.
10
What is the remainder when 548 is divided by 40?
28
Calculate the remainder when 1733 is divided by 17.
16
What is the remainder when 156 is divided by 18?
12
What is the remainder when 62 is divided by 8?
6
What is the remainder when 1729 is divided by 144?
1
Calculate the remainder when 1219 is divided by 17.
12
Calculate the remainder when 7277 is divided by 364.
361
What is the remainder when 270 is divided by 92?
86
What is the remainder when 274 is divided by 140?
134
What is the remainder when 83 is divided by 44?
39
What is the remainder when 14976 is divided by 127?
117
What is the remainder when 1254 is divided by 385?
99
Calculate the remainder when 27 is divided by 25.
2
What is the remainder when 1091 is divided by 108?
11
Calculate the remainder when 586 is divided by 42.
40
Calculate the remainder when 309 is divided by 44.
1
What is the remainder when 712 is divided by 238?
236
What is the remainder when 88 is divided by 53?
35
Calculate the remainder when 711 is divided by 89.
88
Calculate the remainder when 361 is divided by 14.
11
What is the remainder when 74 is divided by 10?
4
Calculate the remainder when 491 is divided by 167.
157
Calculate the remainder when 15260 is divided by 5084.
8
Calculate the remainder when 1743 is divided by 195.
183
Calculate the remainder when 2152 is divided by 45.
37
What is the remainder when 74 is divided by 2?
0
Calculate the remainder when 11072 is divided by 142.
138
Calculate the remainder when 310 is divided by 78.
76
Calculate the remainder when 69 is divided by 15.
9
Calculate the remainder when 120 is divided by 22.
10
Calculate the remainder when 147 is divided by 75.
72
What is the remainder when 1433 is divided by 713?
7
What is the remainder when 282 is divided by 53?
17
Calculate the remainder when 235 is divided by 150.
85
Calculate the remainder when 399 is divided by 213.
186
What is the remainder when 1558 is divided by 2?
0
What is the remainder when 538 is divided by 112?
90
What is the remainder when 7306 is divided by 28?
26
What is the remainder when 758 is divided by 368?
22
Calculate the remainder when 576 is divided by 5.
1
Calculate the remainder when 318 is divided by 10.
8
Calculate the remainder when 74916 is divided by 94.
92
Calculate the remainder when 221 is divided by 16.
13
What is the remainder when 24 is divided by 13?
11
What is the remainder when 240 is divided by 101?
38
What is the remainder when 351 is divided by 117?
0
What is the remainder when 485 is divided by 96?
5
What is the remainder when 378 is divided by 64?
58
What is the remainder when 893 is divided by 108?
29
Calculate the remainder when 1566 is divided by 38.
8
Calculate the remainder when 6832 is divided by 195.
7
Calculate the remainder when 222 is divided by 168.
54
Calculate the remainder when 56 is divided by 32.
24
Calculate the remainder when 3398 is divided by 11.
10
What is the remainder when 210 is divided by 56?
42
Calculate the remainder when 2571 is divided by 25.
21
Calculate the remainder when 646 is divided by 9.
7
What is the remainder when 1571 is divided by 142?
9
Calculate the remainder when 351 is divided by 116.
3
Calculate the remainder when 2541 is divided by 24.
21
What is the remainder when 236 is divided by 64?
44
Calculate the remainder when 29 is divided by 15.
14
Calculate the remainder when 520 is divided by 38.
26
Calculate the remainder when 967 is divided by 22.
21
What is the remainder when 449 is divided by 197?
55
Calculate the remainder when 125 is divided by 40.
5
What is the remainder when 595 is divided by 24?
19
What is the remainder when 1019 is divided by 30?
29
Calculate the remainder when 820 is divided by 40.
20
Calculate the remainder when 984 is divided by 84.
60
Calculate the remainder when 13288 is divided by 137.
136
What is the remainder when 24 is divided by 8?
0
Calculate the remainder when 155 is divided by 150.
5
What is the remainder when 2065 is divided by 22?
19
What is the remainder when 975 is divided by 61?
60
Calculate the remainder when 1222 is divided by 606.
10
Calculate the remainder when 9134 is divided by 9.
8
What is the remainder when 120 is divided by 14?
8
Calculate the remainder when 266 is divided by 45.
41
What is the remainder when 83 is divided by 57?
26
What is the remainder when 74 is divided by 38?
36
Calculate the remainder when 84 is divided by 8.
4
What is the remainder when 4726 is divided by 1177?
18
Calculate the remainder when 58 is divided by 8.
2
What is the remainder when 74 is divided by 5?
4
Calculate the remainder when 670 is divided by 179.
133
What is the remainder when 1642 is divided by 204?
10
Calculate the remainder when 777 is divided by 39.
36
Calculate the remainder when 437 is divided by 13.
8
Calculate the remainder when 6185 is divided by 151.
145
What is the remainder when 1658 is divided by 20?
18
What is the remainder when 2594 is divided by 25?
19
Calculate the remainder when 3689 is divided by 30.
29
Calculate the remainder when 53 is divided by 28.
25
What is the remainder when 595 is divided by 115?
20
What is the remainder when 52 is divided by 32?
20
Calculate the remainder when 60 is divided by 21.
18
What is the remainder when 10207 is divided by 29?
28
What is the remainder when 15117 is divided by 12?
9
Calculate the remainder when 17940 is divided by 185.
180
Calculate the remainder when 27 is divided by 21.
6
Calculate the remainder when 242 is divided by 43.
27
What is the remainder when 1060 is divided by 208?
20
Calculate the remainder when 375 is divided by 8.
7
Calculate the remainder when 75 is divided by 58.
17
What is the remainder when 88 is divided by 46?
42
What is the remainder when 671 is divided by 135?
131
What is the remainder when 587 is divided by 12?
11
What is the remainder when 8524 is divided by 25?
24
Calculate the remainder when 241 is divided by 122.
119
Calculate the remainder when 593 is divided by 157.
122
Calculate the remainder when 515 is divided by 127.
7
Calculate the remainder when 3623 is divided by 402.
5
Calculate the remainder when 160 is divided by 43.
31
Calculate the remainder when 338 is divided by 4.
2
What is the remainder when 14437 is divided by 152?
149
Calculate the remainder when 246 is divided by 101.
44
Calculate the remainder when 1621 is divided by 29.
26
Calculate the remainder when 601 is divided by 155.
136
What is the remainder when 27 is divided by 15?
12
What is the remainder when 263 is divided by 63?
11
Calculate the remainder when 136 is divided by 119.
17
Calculate the remainder when 11 is divided by 6.
5
Calculate the remainder when 43 is divided by 15.
13
What is the remainder when 1517 is divided by 11?
10
What is the remainder when 521 is divided by 79?
47
What is the remainder when 98 is divided by 83?
15
Calculate the remainder when 663 is divided by 124.
43
Calculate the remainder when 1314 is divided by 52.
14
Calculate the remainder when 178 is divided by 43.
6
Calculate the remainder when 280 is divided by 32.
24
Calculate the remainder when 252 is divided by 98.
56
What is the remainder when 993 is divided by 28?
13
What is the remainder when 8925 is divided 